= 0. Is s a composite number?
False
Suppose -3*z = 2*a - 3483, -z + 4*a = 5*a - 1160. Is z composite?
False
Suppose -39*s = -34*s - 15205. Suppose s + 3776 = 17*k. Is k composite?
False
Let t(h) = -3 - 3*h**2 + h - 8*h + 4*h**2 + h**2. Is t(16) prime?
True
Suppose 11*i - 14*i = -7437. Is i composite?
True
Suppose u - 15 = -11. Is (-5545)/(-45) - u/18 composite?
True
Suppose 2*g = 5*g - 9. Is (g - 0)*(-1361)/(-3)*1 a prime number?
True
Suppose -135*t - 34103 = -138*t + 2*q, 0 = -3*t - 4*q + 34115. Is t a composite number?
False
Suppose -8 = -4*h + 4*o - 3*o, h - 4*o - 2 = 0. Suppose 3*i = -h*l - 3*l + 5707, -3*l + 5*i = -3397. Is l prime?
False
Let a(d) = -d**3 + 6*d**2 + 33*d - 2. Let g be a(14). Let k = 435 - g. Is k composite?
False
Suppose 2*o = 881 + 2059. Let y = 651 - o. Let i = -424 - y. Is i a composite number?
True
Let y = 35 - 30. Suppose -257 = -y*n + 4*o, -222 = -4*n - 4*o - o. Is n a prime number?
True
Suppose -3*u + 3*x = -1536 - 1275, -4*u = -x - 3748. Suppose -u - 1508 = -5*h. Is h composite?
True
Suppose 3*a + 1714 = 4*q - 0*q, 5*q + 25 = 0. Let i(v) = v**3 - 4*v**2 - v + 5. Let y be i(11). Let m = a + y. Is m composite?
False
Let w = 1918 + 867. Is w a prime number?
False
Suppose -5*b - 3*x = 55, -b = -6*b + 5*x - 55. Let z(c) = -2*c**3 - c**2 + 6*c + 2. Is z(b) composite?
False
Suppose 622*j - 624*j = -39126. Is j a composite number?
True
Let z(p) = 114*p**2 - 8*p - 12. Is z(-5) a composite number?
True
Suppose -3*p + 2*b + 8 = -25, -p - b = -6. Let j = 6 - p. Is 2/j*1422/(-12) a prime number?
True
Let s = -1922 - -7901. Is s composite?
True
Let a be (-15)/(-6)*32/10. Suppose 4*o - a*h - 16 = -4*h, -3*o + 4 = -h. Suppose o = -5*x + j + 743, 3*x + 3*j = -x + 602. Is x composite?
False
Let f(h) = -151*h - 9. Let t(u) = 2*u. Let r be t(-1). Is f(r) prime?
True
Suppose 0 = 5*i - 959 - 356. Is i composite?
False
Is ((-1392)/(-14))/(16/448) - -1 prime?
False
Suppose -3*i = 3*t + 5 - 38, -t + 26 = -2*i. Suppose -15*c - 133 = -t*c. Is c composite?
True
Let x(k) = k**3 - 2*k**2 - k - 78. Let p be x(0). Let w be p/14 + (-9)/21. Let l(s) = s**3 + 5*s**2 - 7*s + 5. Is l(w) prime?
True
Suppose -2*r + 865 = -7349. Let m = r + -2902. Suppose 232 = 3*p - m. Is p a prime number?
True
Let r(z) = 85*z**2 - 10*z - 1. Is r(-8) composite?
False
Suppose -892*x = -881*x - 869671. Is x composite?
True
Let q = -1361 + 2025. Is (10/(-8))/(1990/q + -3) a composite number?
True
Suppose -14*r - 22214 = -96876. Is r prime?
True
Is (-423069)/15*(28/(-4) + 2) a prime number?
True
Is ((-35)/(-5) - -2062)/1 composite?
False
Let a(w) = 10*w**2 + 11*w - 9. Let y(q) = 5*q**2 + 6*q - 5. Let m(s) = 3*a(s) - 5*y(s). Let u be m(-6). Suppose 54 = -2*b + u. Is b prime?
True
Let x be (2/8 + (-1)/4)/(-2). Suppose -v + 419 - 112 = x. Is v prime?
True
Suppose 0 = -2*u + 2*r + 37970, -75968 = -6*u + 2*u - 3*r. Is u composite?
True
Suppose -q + 11217 = 3*b, 0*q = -4*b - 2*q + 14956. Suppose -482 - b = -3*k. Suppose 0 = 4*l - 7*l + k. Is l composite?
True
Suppose 0 = -5*z + 42 + 58. Let t be (-44)/(-12) + 2/6. Suppose 0 = t*s - 3*x - 80, -4*x = x - z. Is s prime?
True
Is (877 - 0/(-7))/1 composite?
False
Let d(n) = 2*n + 38. Let x be d(-19). Suppose -4*y + 56 + 76 = x. Is 254/(-3)*y/(-22) a composite number?
False
Suppose 14*p = 13*p + 1979. Is p prime?
True
Suppose 0 = -140*f + 138*f + 718. Is f a composite number?
False
Let o = 6160 - 3657. Is o composite?
False
Suppose 5*r - 3*v = 14, 4*r - 1 = 5*v + 5. Let t = 17 - r. Suppose -t*m = -8*m - 255. Is m composite?
True
Suppose 2*t + 23691 = 5*r, t + 9486 = 2*r - 3*t. Is r a prime number?
False
Suppose -4*q = -9*q + 15. Let j = 91 + -88. Suppose -j*p = -5*d + 4683, 0 = d + 4*d + q*p - 4707. Is d prime?
False
Let q(s) = 41*s + 18. Let f(l) = -83*l - 37. Let p(c) = 3*f(c) + 5*q(c). Is p(-8) composite?
False
Let n = 88 + 247. Let p = -84 + n. Is p a composite number?
False
Suppose 20 = -4*i, 4*t = -0*i - 2*i - 34. Let m be -3 - t - (-1 + -2). Let c(y) = y**2 - 3*y - 7. Is c(m) a composite number?
False
Let b be (-2)/7 + 174/21. Let w be (b/16)/((-1)/(-776)). Suppose 2*x - w - 192 = 2*h, -589 = -2*x - h. Is x a composite number?
False
Is 152/171 + 892808/72 a prime number?
True
Let h(t) = 90*t - 7. Let y(x) = 60*x - 5. Let f(b) = -5*h(b) + 8*y(b). Let l(z) = 31*z - 5. Let r(i) = 5*f(i) - 4*l(i). Is r(12) a composite number?
False
Let c(p) be the second derivative of p**4/12 + 802*p**2 - 2*p. Let g be c(0). Suppose -5*x = -9*x + g. Is x a prime number?
True
Suppose 3*l - 2829 = -3*u + 5418, 2*l - 5498 = -3*u. Is l composite?
False
Suppose -5*b + 4*z = 147, 5*b - 2*z + 4*z = -129. Is (90/b)/(2/(-237)) composite?
True
Suppose 6*a + 337 = 18991. Is a a prime number?
True
Let h(i) = 208*i - 7. Let f be h(5). Let m = 77 - 72. Suppose 3*l = 5*j - 3348, m*l - f - 969 = -3*j. Is j a prime number?
False
Suppose -10 + 34 = -4*y. Let j be y/4*(-5 + 3). Suppose -x - 5*o = -4*x + 240, j*o = -2*x + 179. Is x a composite number?
True
Is (-96)/64*(-1 - 43111/3) composite?
False
Suppose -178 = -0*z - z. Suppose 2*h + l - z = 0, 3*h + 3*l - 283 = -19. Suppose -r + h + 44 = 0. Is r prime?
False
Let y be (1/(-1))/(1/1893*-3). Suppose 3*z + d - 1937 = 0, z + 3*d + d - y = 0. Is z prime?
True
Suppose -10*v + 4*v - 12 = 0. Let j(r) = -160*r**3 - r**2 - 5*r - 3. Is j(v) composite?
False
Let z(o) = o**2 + 7. Suppose -2*g + 4*a - 4 = g, -g = -3*a + 3. Let w be z(g). Suppose 8*j - w*j - 7 = 0. Is j a prime number?
True
Suppose -2*b - 2*o = 662 - 50, -5*b + 4*o = 1548. Let u = 1077 + b. Is u a prime number?
True
Suppose 3*p - 2*p = 0, -u = 2*p - 23. Let z(c) = c - u*c**2 - c**3 - 16 + 20*c**2 - 6*c. Is z(-5) prime?
True
Suppose 6 = 4*b - 3*b - 2*n, b - 5 = n. Suppose -2*v + 7*v - 4*f - 1435 = 0, b*v - 5*f = 1148. Is v prime?
False
Suppose -139909 = -4*c + 23959. Is c prime?
False
Is 4 - 288/60 - (-33899)/5 a prime number?
True
Let u = 13 - -101. Let p = u + 283. Is p composite?
False
Let z = -7048 + 15935. Is z a prime number?
True
Let z(v) = 10*v**3 - 6*v**2 + 25*v + 12. Is z(9) composite?
True
Let d be (-5)/(-3)*1*-9. Let z = -10 - d. Suppose 2*h + 89 = z*y, y + 2*h - 82 = -3*y. Is y prime?
True
Is 2/(-8) + 4/(96/86382) a prime number?
False
Let l(h) be the second derivative of -161*h**3/6 + 7*h**2/2 + 6*h. Let x be l(-6). Is 28/(-14) - x/(-1) a prime number?
True
Suppose 16 = 2*i - 4*i + l, -2*l - 8 = 0. Let c be 1*i - (-8 + 8). Is ((-12)/c)/(4/830) a composite number?
True
Let o be -15*(-16)/(-20)*102. Let h = 5189 + -3127. Let a = o + h. Is a a prime number?
False
Suppose -2*s - 85 + 346 = 5*u, 0 = -5*s + 2*u + 667. Suppose g = -0*g + s. Is g composite?
True
Let h(x) = x**2 - 9*x + 5. Let n be h(9). Suppose 5*r - 4564 = l - 0*l, -4*l = -n*r + 4561. Is r composite?
True
Suppose -4*k = -70013 - 18023. Is k composite?
True
Suppose -3*b + 260544 + 115977 = 0. Is b a prime number?
True
Suppose -3056 = -4*o + 4*x + 7212, 0 = -x + 1. Let g = 43 + o. Is g a prime number?
False
Suppose 7*s - 28190 = -5293. Is s prime?
True
Suppose 72790 = -246*o + 256*o. Is o a composite number?
True
Suppose 40*t + 1818 = 42*t + 4*b, 3*b = -3*t + 2733. Is t a prime number?
False
Let o = -18265 - -34504. Is o/13 - (-2)/52*-4 a composite number?
False
Let g(r) = -r**3 + 11*r**2 - 19*r + 14. Let x be g(9). Suppose -13*l = x*l - 7974. Is l prime?
True
Let k be (-610)/8*(-12 + 8). Suppose -3*r = 3*o - 12, -3*r = -2*o - 0*o - 2. Suppose -4*p + 5*l = 2*l - k, o*p + 5*l = 159. Is p prime?
False
Suppose l = -2*a + a + 834, 3*l + 2526 = 3*a. Is (a/8)/((-2)/(-8)) prime?
True
Let g = 12 - 14. Is g/3 + 4875/9 prime?
True
Let g = -51 - -53. Suppose 3728 = -4*s - 3*f + 13992, g*f = -8. Is s a composite number?
True
Suppose -11*f + 3810 = -8719. Is f a composite number?
True
Suppose 6*p = 4*p + 20614. Is p a prime number?
False
Is (-78)/30 + 2 + 117490/25 a composite number?
True
Let z = -36 - -52. Suppose 14 = 4*v - 2*o, v - 4*v - 4*o + z = 0. Suppose 105 = v*m + 13. Is m a prime number?
True
Suppose 0*z = -2*z + 8. Suppose 5*w - z*l - 404 = 0, -2*w + 36 = -l - 125. Is 20112/w + 4/(-10) prime?
True
Suppose 0 = 169*i - 171*i + 28878. Is i prime?
False
Let o(w) = -9*w + 8. Let g be o(-8). Let v(j) = j**2 - 8*j + 4. Let q be v(-9). Let m = q - g. Is m prime?
False
Let g be (-6 - -8)/(2/(-6))